ctor of 146328?
True
Does 10 divide 1212830?
True
Is 46447 a multiple of 4?
False
Is 5 a factor of 154738?
False
Does 92 divide 95220?
True
Does 16 divide 684755?
False
Is 7370911 a multiple of 11?
False
Does 177 divide 1178755?
False
Does 101 divide 39809?
False
Is 423728 a multiple of 8?
True
Is 122 a factor of 195322?
True
Is 11 a factor of 3810367?
True
Is 27 a factor of 442550?
False
Is 626 a factor of 285788?
False
Is 162864 a multiple of 14?
False
Is 250503 a multiple of 89?
False
Does 662 divide 154908?
True
Does 77 divide 853853?
True
Is 847 a factor of 218148?
False
Does 25 divide 317525?
True
Is 809028 a multiple of 227?
True
Does 12 divide 4173068?
False
Is 24093484 a multiple of 1409?
False
Is 166715 a multiple of 61?
False
Is 7606449 a multiple of 37?
False
Is 17 a factor of 51731?
True
Does 9 divide 607473?
True
Does 54 divide 2568618?
True
Does 10 divide 5131030?
True
Is 83 a factor of 129913?
False
Does 45 divide 9898778?
False
Does 14 divide 131297?
False
Does 343 divide 9883489?
False
Is 1471830 a multiple of 30?
True
Is 165 a factor of 4916340?
True
Does 219 divide 5251839?
True
Does 74 divide 487743?
False
Is 2 a factor of 48282?
True
Is 5 a factor of 123543?
False
Is 43663 a multiple of 47?
True
Does 213 divide 4513683?
True
Is 55 a factor of 331841?
False
Is 157658 a multiple of 34?
True
Is 23 a factor of 111619?
True
Is 18 a factor of 275922?
True
Is 244315 a multiple of 158?
False
Is 1145649 a multiple of 152?
False
Is 533 a factor of 514278?
False
Does 8 divide 375380?
False
Does 171 divide 650655?
True
Is 5914080 a multiple of 45?
True
Is 2441024 a multiple of 86?
True
Is 719 a factor of 234763?
False
Is 42 a factor of 4915932?
True
Is 6853011 a multiple of 38?
False
Is 62 a factor of 1755335?
False
Does 38 divide 151544?
True
Is 883024 a multiple of 482?
True
Is 22 a factor of 695884?
False
Is 615454 a multiple of 83?
False
Is 13 a factor of 843505?
True
Is 224 a factor of 7207222?
False
Does 22 divide 140338?
True
Does 166 divide 98272?
True
Does 325 divide 1720875?
True
Is 112 a factor of 129472?
True
Does 228 divide 1700262?
False
Is 85512 a multiple of 8?
True
Is 62712 a multiple of 67?
True
Is 8 a factor of 356586?
False
Does 40 divide 356807?
False
Is 26 a factor of 96489?
False
Does 323 divide 100994?
False
Is 305 a factor of 398940?
True
Is 2635 a multiple of 98?
False
Is 304 a factor of 237290?
False
Is 11 a factor of 2029104?
True
Is 136800 a multiple of 24?
True
Does 8 divide 8106657?
False
Is 203899 a multiple of 33?
False
Does 41 divide 3786596?
True
Is 5055433 a multiple of 27?
False
Does 391 divide 312464?
False
Is 729736 even?
True
Is 2814411 a multiple of 4?
False
Does 8 divide 72080?
True
Is 1363022 a multiple of 11?
False
Is 119 a factor of 161126?
True
Is 5171763 a multiple of 49?
False
Is 54 a factor of 8029?
False
Is 170 a factor of 448970?
True
Does 105 divide 699405?
True
Is 33 a factor of 50259?
True
Is 9 a factor of 265581?
True
Does 64 divide 3990633?
False
Is 102 a factor of 161160?
True
Is 11 a factor of 289989?
False
Does 1383 divide 9639510?
True
Is 362 a factor of 7397108?
True
Is 314 a factor of 1378774?
True
Is 10 a factor of 257941?
False
Does 142 divide 66456?
True
Is 25 a factor of 65502?
False
Is 238605 a multiple of 34?
False
Does 31 divide 5830706?
False
Does 41 divide 10230935?
True
Is 2900674 a multiple of 14?
True
Is 10 a factor of 4095220?
True
Is 515 a factor of 363615?
False
Is 1385300 a multiple of 61?
False
Is 259 a factor of 60088?
True
Does 12 divide 530319?
False
Does 54 divide 5843286?
True
Is 28016 a multiple of 272?
True
Is 293722 a multiple of 13?
True
Is 3 a factor of 137142?
True
Does 29 divide 47682?
False
Does 140 divide 990471?
False
Is 12 a factor of 171948?
True
Does 477 divide 1204425?
True
Is 80 a factor of 1608023?
False
Is 13 a factor of 573162?
False
Is 107046 a multiple of 6?
True
Is 1025234 a multiple of 469?
True
Is 19 a factor of 32932?
False
Does 11 divide 1883411?
False
Does 283 divide 141783?
True
Is 3 a factor of 7160?
False
Does 251 divide 600894?
True
Is 39 a factor of 8757796?
False
Is 142142 a multiple of 28?
False
Is 585 a factor of 3294720?
True
Is 664313 a multiple of 2?
False
Is 28 a factor of 516824?
True
Is 472 a factor of 30662064?
True
Is 42 a factor of 18911110?
False
Does 10 divide 9267760?
True
Is 321 a factor of 93140?
False
Is 12 a factor of 323941?
False
Is 1357549 a multiple of 59?
False
Is 6 a factor of 661547?
False
Is 18 a factor of 23187011?
False
Is 163394 a multiple of 77?
True
Does 1412 divide 2346744?
True
Does 295 divide 12980?
True
Is 182 a factor of 272636?
True
Does 230 divide 891480?
True
Is 498326 a multiple of 110?
False
Is 32 a factor of 896?
True
Is 65 a factor of 73060?
True
Is 25772 a multiple of 8?
False
Is 96360 a multiple of 57?
False
Is 328980 a multiple of 30?
True
Does 614 divide 2647919?
False
Does 137 divide 387201?
False
Is 8546102 a multiple of 610?
False
Is 972946 a multiple of 158?
False
Does 58 divide 428321?
False
Is 1713956 a multiple of 66?
False
Is 288312 a multiple of 326?
False
Is 143382 a multiple of 23?
True
Does 146 divide 4726648?
False
Is 10 a factor of 133370?
True
Is 19487055 a multiple of 245?
True
Is 662598 a multiple of 21?
False
Is 71323 a multiple of 23?
True
Is 12631869 a multiple of 2043?
True
Is 14 a factor of 275380?
True
Is 486585 a multiple of 495?
True
Does 16 divide 26386?
False
Does 90 divide 16905683?
False
Is 50 a factor of 71715?
False
Is 713577 a multiple of 3?
True
Is 33 a factor of 223964?
False
Is 2 a factor of 44253?
False
Is 13 a factor of 1031601?
False
Does 72 divide 6812852?
False
Is 112 a factor of 325073?
False
Does 18 divide 39438?
True
Does 14 divide 140810?
False
Is 11572484 a multiple of 11?
True
Is 3541170 a multiple of 21?
False
Does 152 divide 441560?
True
Is 1085 a factor of 993155?
False
Does 12 divide 4188?
True
Is 3150393 a multiple of 233?
True
Is 72864 a multiple of 66?
True
Is 10 a factor of 231614?
False
Is 1793 a factor of 4337191?
False
Is 431 a factor of 5891707?
False
Is 2941692 a multiple of 109?
True
Is 182304 a multiple of 108?
True
Is 190150 a multiple of 36?
False
Does 1908 divide 8257824?
True
Is 257716 a multiple of 3?
False
Does 2 divide 30997?
False
Is 74 a factor of 550338?
True
Is 92375 a multiple of 125?
True
Is 24 a factor of 2501448?
True
Is 30 a factor of 84150?
True
Is 110936 a multiple of 283?
True
Does 221 divide 183430?
True
Is 1522 a factor of 674401?
False
Is 196588 a multiple of 68?
True
Is 13 a factor of 173870?
False
Does 230 divide 120750?
True
Does 69 divide 3869915?
False
Does 231 divide 2219021?
False
Is 70 a factor of 7841373?
False
Is 7645140 a multiple of 20?
True
Does 314 divide 279460?
True
Is 24 a factor of 475822?
False
Is 387 a factor of 2199037?
False
Does 35 divide 172690?
True
Is 345 a factor of 730365?
True
Is 12567 a multiple of 71?
True
Is 64077 a multiple of 39?
True
Is 127 a factor of 483243?
False
Does 2 divide 616960?
True
Does 974 divide 2519492?
False
Is 17301442 a multiple of 10?
False
Is 433196 a multiple of 21?
False
Does 228 divide 4178556?
True
Does 114 divide 5002798?
False
Is 52 a factor of 2520808?
False
Does 38 divide 2088006?
False
Is 1142 even?
True
Is 388 a factor of 116196?
False
Is 503 a factor of 2170987?
False
Is 490 a factor of 277340?
True
Is 199299 even?
False
Is 11 a factor of 3391355?
True
Is 236370 a multiple of 15?
True
Is 532175 a multiple of 4?
False
Is 140 a factor of 82740?
True
Does 9 divide 3165562?
False
Does 13 divide 93803?
False
Does 11 divide 2344302?
False
Does 39 divide 7305?
False
Does 9 divide 1165538?
False
Is 11 a factor of 71585?
False
Is 1216908 a multiple of 31?
False
Is 16 a factor of 1065782?
False
Is 7 a factor of 576204?
False
Is 1156158 a multiple of 7?
False
Is 134 a factor of 314498?
True
Is 473 a factor of 793290?
False
Does 89 divide 79200?
False
Does 10 divide 639820?
True
Does 18 divide 170946?
True
Is 59381 a multiple of 8?
False
Does 8 divide 137397?
False
Does 12 divide 276?
True
Does 595 divide 152915?
True
Is 23 a factor of 137528?
False
Does 32 divide 11024432?
False
Is 9 a factor of 13797160?
False
Is 112 a factor of 723891?
False
Is 9 a factor of 6832079?
False
Is 240 a factor of 452578?
False
Does 48 divide 3253824?
Tru